).
1
Let b(h) = 7*h - 27. Give b(4).
1
Let z(k) = 62*k + 737. Calculate z(-12).
-7
Let x(o) = o**2 - 10*o + 9. Calculate x(9).
0
Let v(i) = i**3 + i**2 - i - 33. Determine v(0).
-33
Let k(g) = -g**3 + 5*g**2 + 4*g - 1. What is k(3)?
29
Let r(p) = 47*p**3 - p**2 - 5*p - 3. Determine r(-1).
-46
Let p(x) = 2*x**2 - 43*x + 32. Give p(21).
11
Let n(l) = -l**3 - 9*l**2 + 2*l + 8. Calculate n(-9).
-10
Let p(d) = 7*d + 19. Give p(-12).
-65
Let s(z) = z**3 + 14*z**2 + 31*z + 31. Determine s(-12).
-53
Let m(c) = 3*c + 24. What is m(-10)?
-6
Let u(y) = -y**2 - y + 7. What is u(-4)?
-5
Let m(w) = w - 28. What is m(11)?
-17
Let g(o) = 31*o - 578. Calculate g(19).
11
Let a(k) = 2*k**3 + 3*k**2 - 4*k + 5. Calculate a(-4).
-59
Let y(w) = -w**3 - 19*w**2 - 16*w + 37. Give y(-18).
1
Let m(r) = -2*r**3 + 13*r**2 + 13*r - 114. What is m(6)?
0
Let f(q) = 2*q + 16. What is f(-10)?
-4
Let r(n) = -14*n**2 - 2*n - 2. Give r(2).
-62
Let z(x) = -4*x - 38. Determine z(-8).
-6
Let n(s) = s**2 - 11*s - 14. Determine n(12).
-2
Let q(b) = b**2 + 4*b - 6. Give q(-8).
26
Let g(r) = -r**3 - 18*r**2 + 19*r + 10. What is g(-19)?
10
Let s(m) = -m**3 - 24*m**2 + 55*m + 43. Determine s(-26).
-35
Let n(a) = -64*a + 2. Determine n(0).
2
Let m(n) = -n**3 - 9*n**2 - 11*n - 9. Calculate m(-8).
15
Let g(d) = d**3 - 10*d**2 - 8*d - 4. Calculate g(11).
29
Let o(x) = x + 8. What is o(-9)?
-1
Let b(l) = -l**2 + 8*l - 18. Determine b(6).
-6
Let u(a) = -a**2 + 13*a - 13. Determine u(11).
9
Let m(s) = -12*s**2 + 227*s + 12. Calculate m(19).
-7
Let g(m) = -m**3 + 7*m**2 - 6*m - 5. Give g(6).
-5
Let n(u) = -u**2 - 12*u - 20. Give n(-9).
7
Let k(m) = -m**2 - 14*m + 1. What is k(-11)?
34
Let r(w) = -w**3 + w - 1. What is r(2)?
-7
Let l(z) = 20*z + 140. Determine l(-7).
0
Let r(v) = -v**3 - 4*v**2 - v + 3. Calculate r(-2).
-3
Let r(o) = o**3 - 2*o**2 + 2*o - 7. Give r(0).
-7
Let d(r) = -3*r**3 + 9*r**2 - 14*r + 5. What is d(4)?
-99
Let s(t) = -17*t**3. Calculate s(-1).
17
Let w(h) = -h**2 + 71. Calculate w(8).
7
Let n(p) = 4*p + 214. Give n(-56).
-10
Let q(h) = h**2 - 13*h + 14. Give q(11).
-8
Let c(b) = -2*b**2 - 15*b - 5. Calculate c(-7).
2
Let a(f) = 4*f + 36. What is a(-8)?
4
Let b(t) = 4*t + 41. Calculate b(-10).
1
Let n(b) = -b**3 + 4*b**2 + 2*b + 1. Give n(5).
-14
Let b(p) = p**2 - 6*p + 2. Give b(3).
-7
Let n(j) = -38*j + 334. Calculate n(9).
-8
Let g(f) = -f**2 + 15*f - 71. Give g(8).
-15
Let b(c) = -25*c**2 - 1. Calculate b(1).
-26
Let z(r) = -6*r + 2. What is z(-9)?
56
Let g(s) = s**3 - 20*s**2 + 17*s + 34. Calculate g(19).
-4
Let a(h) = -h**3 + 4*h**2 + 3*h - 5. What is a(6)?
-59
Let y(o) = -8*o - 3. Calculate y(-5).
37
Let r(a) = -a**2 - 5*a - 5. What is r(-5)?
-5
Let y(o) = 3*o**2 + 24*o - 8. Determine y(-9).
19
Let d(o) = 19*o + 438. Give d(-23).
1
Let c(k) = 4*k - 2. What is c(-1)?
-6
Let r(b) = b**2 - b - 6. Give r(-4).
14
Let j(g) = 3*g**2 + 7*g - 1. Give j(-6).
65
Let f(a) = a**3 - 27*a**2 + a - 28. What is f(27)?
-1
Let s(k) = 11*k - 34. Determine s(5).
21
Let o(d) = d**3 + 6*d**2 + 6*d - 3. What is o(-3)?
6
Let a(d) = -d**3 - 9*d**2 - 12*d - 12. What is a(-4)?
-44
Let a(g) = -3*g**2 + 5*g + 3. Calculate a(5).
-47
Let m(n) = n**2 + 9*n - 142. Determine m(-17).
-6
Let j(i) = -4*i - 16. Calculate j(-5).
4
Let v(d) = -d**3 - 4*d**2 + d + 7. Calculate v(-4).
3
Let o(h) = -h**3 - 9*h**2 - 7*h + 5. Give o(-8).
-3
Let b(x) = x**3 - 6*x**2 - 49. Calculate b(7).
0
Let c(m) = m**3 - 5*m**2 + 5*m - 4. Calculate c(5).
21
Let i(c) = -c**3 + 4*c**2 + 22*c - 10. Calculate i(7).
-3
Let l(n) = 3*n**3 + n**2 - 2*n - 3. What is l(-1)?
-3
Let c(g) = g**2 + g - 19. What is c(6)?
23
Let x(k) = -k**3 + 21*k**2 - 19*k - 9. Determine x(20).
11
Let d(b) = b**2 - b - 18. Determine d(0).
-18
Let j(o) = o**3 + 17*o**2 - 17*o + 22. Calculate j(-18).
4
Let j(y) = -2*y + 17. What is j(10)?
-3
Let x(a) = -3*a**3 - 46*a**2 + 37*a + 80. Determine x(-16).
0
Let v(m) = -m**3 + 5*m**2 - 3*m + 14. Give v(5).
-1
Let m(w) = -w**3 - 25*w**2 - 100*w - 2. What is m(-20)?
-2
Let s(z) = -3*z**3 - 5*z**2 + 3*z + 7. Determine s(-2).
5
Let s(c) = 3*c + 35. Determine s(-8).
11
Let y(o) = -o**2 + o - 1. What is y(0)?
-1
Let i(t) = -18*t - 31. Give i(5).
-121
Let x(q) = -3*q**2 + 6*q + 139. Determine x(8).
-5
Let n(a) = a**3 + 4*a**2 - 11*a - 3. Calculate n(-6).
-9
Let k(y) = 14*y**3 + 2*y**2 - 2*y + 1. Determine k(1).
15
Let a(j) = -j**2 + 2*j + 5. What is a(0)?
5
Let p(w) = -18*w + 5. What is p(-1)?
23
Let k(p) = 3*p**3 - 4*p**2 - 12*p - 1. Give k(-3).
-82
Let x(m) = m**2 - 12*m + 27. What is x(8)?
-5
Let h(t) = -2*t - 10. Calculate h(0).
-10
Let y(v) = -v**3 + 14*v**2 + 30*v + 3. Calculate y(16).
-29
Let y(s) = -15*s + 94. What is y(6)?
4
Let n(z) = -99*z + 990. Determine n(10).
0
Let o(q) = q**3 + 17*q**2 + 20*q - 31. Give o(-15).
119
Let y(i) = -i**2 + 7*i - 22. Calculate y(9).
-40
Let p(c) = 5*c + 7. Calculate p(-5).
-18
Let c(u) = -u - 5. Calculate c(-8).
3
Let n(a) = a**2 - a + 1. Give n(0).
1
Let b(v) = -v**2 + 10*v + 176. Give b(-9).
5
Let x(f) = 20*f**3 + f**2 - 2*f + 1. Determine x(1).
20
Let t(k) = -k**3 + 15*k**2 - 2*k + 24. Give t(15).
-6
Let l(a) = 3*a**2 + 8*a + 47. Determine l(-7).
138
Let s(q) = -9*q - 16. Determine s(-3).
11
Let s(x) = -7*x - 1. What is s(-7)?
48
Let j(h) = h**3 - h**2 + 20. What is j(0)?
20
Let o(h) = -4*h - 5. What is o(-3)?
7
Let o(b) = -6*b. Determine o(-1).
6
Let p(c) = -c**3 + 6*c**2 - 5*c - 8. Calculate p(4).
4
Let k(m) = m**3 + 3*m**2 - 5*m. Determine k(-3).
15
Let i(k) = -k**3 + 17*k**2 - 15*k - 18. Calculate i(16).
-2
Let i(u) = -4*u**2 + 8*u + 10. Give i(4).
-22
Let m(a) = 9*a - 156. Determine m(18).
6
Let f(u) = 4*u + 2. What is f(2)?
10
Let s(d) = -d**3 - 19*d**2 + d + 23. Give s(-19).
4
Let l(g) = -6*g + 17. Determine l(11).
-49
Let r(f) = -f**3 + 4*f**2 + 9*f + 17. What is r(6)?
-1
Let t(b) = -2*b**2 - 25*b - 10. What is t(-12)?
2
Let u(z) = z**2 - 27*z + 2. Determine u(0).
2
Let v(r) = r**3 + 18*r**2 + 46*r - 4. Give v(-15).
-19
Let q(h) = -h**2 - 9*h - 12. What is q(-8)?
-4
Let a(x) = x**3 + 8*x**2 - 8*x + 23. What is a(-9)?
14
Let n(r) = -2*r**2 - 27*r - 5. Give n(-13).
8
Let z(t) = 3*t**2 - 2*t + 2. Give z(2).
10
Let d(r) = 2*r**2 - 34*r + 112. Determine d(4).
8
Let k(n) = 20*n - 43. Calculate k(3).
17
Let a(o) = o. Calculate a(-3).
-3
Let m(l) = -4*l**3 - 2*l**2 - l + 2. Determine m(-2).
28
Let b(d) = 2*d**3 + 2*d**2 + 9*d + 15. Determine b(-2).
-11
Let m(g) = -g**2 + 4*g + 8. Determine m(6).
-4
Let h(g) = -g**3 + 2*g**2 + 6*g + 12. Calculate h(4).
4
Let w(j) = 3*j**2 - 3*j - 3. Calculate w(3).
15
Let u(z) = 105*z - 718. Calculate u(7).
17
Let b(m) = m**3 - 5*m**2 - 4*m - 10. Give b(6).
2
Let j(o) = -o**3 - 2*o**2 + 4*o + 7. Calculate j(-3).
4
Let z(n) = -3*n**2 - 151*n - 8. What is z(-50)?
42
Let v(z) = -2*z**3 + 10*z**2 + 3. Calculate v(5).
3
Let t(i) = -40*i - 516. What is t(-13)?
4
Let j(u) = -61*u**2 + 9*u - 7. Determine j(1).
-59
Let u(x) = x**2 - 9*x - 2. Calculate u(10).
8
Let o(n) = -n - 9. Calculate o(5).
-14
Let o(h) = -11*h + 36. Calculate o(6).
-30
Let u(q) = -q**2 + 7*q + 10. Determine u(9).
-8
Let p(l) = l**3 + 2*l**2 - l - 11. Determine p(2).
3
Let s(u) = 45*u**2 - 1. Calculate s(1).
44
Let o(n) = n**2 - 3*n - 55. Determine o(8).
-15
Let u(r) = -r**3 + 17*r**2 + 40*r - 29. Calculate u(19).
9
Let x(g) = -3*g - 2. What is x(-4)?
10
Let y(j) = -j**3 + 6*j**2 + 2*j - 5. Calculate y(5).
30
Let t(h) = -h + 3. What is t(-12)?
15
Let l(m) = m**3 + 7*m**2 - 15*m + 6. Determine l(-9).
-21
Let d(q) = -2*q + 32. Calculate d(7).
18
Let h(c) = -c - 2. Give h(9).
-11
Let v(h) = -3*h**2 + 16*h - 13. Determine v(10).
-153
Let i(o) = o**3 + 12*o**2 + 12*o + 13. Give i(-11).
2
Let f(u) = -15*u**3 + 2*u**2 - 4*u + 6. What is f(2)?
-114
Let q(w) = 28*w - 7. Determine q(-2).
-63
Let a(s) = -s + 9. Determine a(-5).
14
Let v(t) = t**3 + 9*t**2 - 10*t + 11. Calculate v(-10).
11
Let s(c) = 46*c + 4. What is s(3)?
142
Let g(r) = 6*r - 184. Give g(30).
-4
Let i(p) = p**2 + 13*p + 35. Give i(-12).
23
Let r(y) = -y**2 + 15*y - 21. Determine r(14).
-7
Let f(h) = h**3 - 13*h + 13. Calculate f(4).
25
Let p(i) = 4*i + 40. Determine p(-8).
8
Let p(u) = 4*u + 27. What is p(-8)?
-5
Let h(t) = t**3 - 10*t**2 + 7*t + 18. Determine h(8).
-54
Let i(r) = 2*r + 41. What is i(-19)?
3
Let w(i) = 3*i